{"id":157,"date":"2026-03-11T09:35:41","date_gmt":"2026-03-11T09:35:41","guid":{"rendered":"https:\/\/quadrenalin-rijeka.com\/?page_id=157"},"modified":"2026-03-11T09:43:11","modified_gmt":"2026-03-11T09:43:11","slug":"uvjeti-koristenja","status":"publish","type":"page","link":"https:\/\/quadrenalin-rijeka.com\/index.php\/uvjeti-koristenja\/","title":{"rendered":"Uvjeti kori\u0161tenja"},"content":{"rendered":"\n<h3 class=\"wp-block-heading\">Uvjeti kori\u0161tenja<\/h3>\n\n\n\n<p><strong>Datum stupanja na snagu: 08. o\u017eujka 2026.<\/strong><\/p>\n\n\n\n<p>Dobrodo\u0161li na web stranicu <a href=\"https:\/\/quadrenalin-rijeka.com\/\" target=\"_blank\" rel=\"noreferrer noopener\">https:\/\/quadrenalin-rijeka.com\/<\/a> (u daljnjem tekstu: \u201eStranica\u201c ili \u201eMi\u201c). Kori\u0161tenjem ove Stranice pristajete na sljede\u0107e uvjete kori\u0161tenja (\u201eUvjeti\u201c). Ako se ne sla\u017eete s ovim Uvjetima, molimo Vas da ne koristite Stranicu.<\/p>\n\n\n\n<h4 class=\"wp-block-heading\">1. Op\u0107e odredbe<\/h4>\n\n\n\n<p>Voditelj i vlasnik Stranice je: <strong>LE-MAR CAR d.o.o.<\/strong> Adresa: Bla\u017ei\u0107i 1b, 51216 Vi\u0161kovo OIB: 35756814991 E-mail: <a href=\"mailto:ronifilcic@gmail.com\" target=\"_blank\" rel=\"noreferrer noopener\">ronifilcic@gmail.com<\/a> Web: <a href=\"https:\/\/quadrenalin-rijeka.com\/\" target=\"_blank\" rel=\"noreferrer noopener\">https:\/\/quadrenalin-rijeka.com\/<\/a><\/p>\n\n\n\n<p>Stranica slu\u017ei isklju\u010divo za informiranje, promociju i rezervaciju usluga najma quad vozila i buggyja. Kori\u0161tenje Stranice dopu\u0161teno je samo punoljetnim osobama ili uz nadzor roditelja\/skrbnika.<\/p>\n\n\n\n<h4 class=\"wp-block-heading\">2. Sadr\u017eaj i autorska prava<\/h4>\n\n\n\n<p>Sav sadr\u017eaj na Stranici (tekst, slike, logo, dizajn) je vlasni\u0161tvo LE-MAR CAR d.o.o. ili na\u0161ih partnera i za\u0161ti\u0107en je autorskim pravima. Zabranjeno je kopiranje, distribucija, objavljivanje ili modificiranje sadr\u017eaja bez na\u0161eg pisanog dopu\u0161tenja.<\/p>\n\n\n\n<h4 class=\"wp-block-heading\">3. Rezervacija i najam vozila<\/h4>\n\n\n\n<ul class=\"wp-block-list\">\n<li>Rezervacija vozila putem Stranice je <strong>neobvezuju\u0107a<\/strong> \u2013 ona predstavlja samo upit.<\/li>\n\n\n\n<li>Obvezuju\u0107a rezervacija nastaje tek nakon na\u0161e potvrde telefonom, e-mailom ili potpisivanjem ugovora o najmu.<\/li>\n\n\n\n<li>Sve cijene su informativne i mogu se promijeniti bez prethodne najave. Kona\u010dna cijena se dogovara prilikom potvrde rezervacije.<\/li>\n\n\n\n<li>Korisnik je du\u017ean dostaviti to\u010dne podatke prilikom rezervacije.<\/li>\n\n\n\n<li>Nepridr\u017eavanje dogovorenih uvjeta najma (ka\u0161njenje, o\u0161te\u0107enje vozila, neovla\u0161teno kori\u0161tenje) mo\u017ee rezultirati naplatom kazne ili tro\u0161kova popravka prema va\u017ee\u0107em cjeniku.<\/li>\n<\/ul>\n\n\n\n<h4 class=\"wp-block-heading\">4. Odgovornost<\/h4>\n\n\n\n<ul class=\"wp-block-list\">\n<li>LE-MAR CAR d.o.o. ne preuzima odgovornost za eventualnu \u0161tetu nastalu kori\u0161tenjem Stranice ili neto\u010dnim informacijama na njoj.<\/li>\n\n\n\n<li>Korisnik koristi Stranicu na vlastitu odgovornost.<\/li>\n\n\n\n<li>Mi ne odgovaramo za sadr\u017eaj vanjskih linkova (npr. dru\u0161tvene mre\u017ee, Google Maps).<\/li>\n\n\n\n<li>U slu\u010daju vi\u0161e sile (prirodne nepogode, rat, pandemija) zadr\u017eavamo pravo otkazati rezervacije bez naknade.<\/li>\n<\/ul>\n\n\n\n<h4 class=\"wp-block-heading\">5. Zabranjeno pona\u0161anje<\/h4>\n\n\n\n<p>Zabranjeno je:<\/p>\n\n\n\n<ul class=\"wp-block-list\">\n<li>Koristiti Stranicu za nezakonite aktivnosti<\/li>\n\n\n\n<li>\u0160iriti viruse, malware ili spam<\/li>\n\n\n\n<li>Automatsko prikupljanje podataka (scraping) bez dopu\u0161tenja<\/li>\n\n\n\n<li>La\u017eno predstavljanje ili davanje la\u017enih podataka prilikom rezervacije<\/li>\n<\/ul>\n\n\n\n<h4 class=\"wp-block-heading\">6. Promjene Uvjeta kori\u0161tenja<\/h4>\n\n\n\n<p>Zadr\u017eavamo pravo mijenjati ove Uvjete u bilo kojem trenutku. Promjene \u0107e biti objavljene na ovoj stranici s novim datumom stupanja na snagu. Nastavak kori\u0161tenja Stranice nakon promjena zna\u010di prihva\u0107anje novih Uvjeta.<\/p>\n\n\n\n<h4 class=\"wp-block-heading\">7. Nadle\u017enost i rje\u0161avanje sporova<\/h4>\n\n\n\n<p>Ovi Uvjeti podlije\u017eu zakonima Republike Hrvatske. Za sve sporove koji proizlaze iz ovih Uvjeta ili kori\u0161tenja Stranice nadle\u017ean je stvarno i mjesno nadle\u017ean sud u Rijeci.<\/p>\n\n\n\n<h4 class=\"wp-block-heading\">8. Kontakt<\/h4>\n\n\n\n<p>Za sva pitanja u vezi s ovim Uvjetima kori\u0161tenja, kontaktirajte nas na: E-mail: <a href=\"mailto:ronifilcic@gmail.com\" target=\"_blank\" rel=\"noreferrer noopener\">ronifilcic@gmail.com<\/a> Telefon: 091 1888 877<\/p>\n\n\n\n<p>Hvala \u0161to koristite na\u0161e usluge! LE-MAR CAR d.o.o. Bla\u017ei\u0107i 1b, 51216 Vi\u0161kovo<\/p>\n","protected":false},"excerpt":{"rendered":"<p>Uvjeti kori\u0161tenja Datum stupanja na snagu: 08. o\u017eujka 2026. Dobrodo\u0161li na web stranicu https:\/\/quadrenalin-rijeka.com\/ (u daljnjem tekstu: \u201eStranica\u201c ili \u201eMi\u201c). Kori\u0161tenjem ove Stranice pristajete na sljede\u0107e uvjete kori\u0161tenja (\u201eUvjeti\u201c). Ako se ne sla\u017eete s ovim Uvjetima, molimo Vas da ne koristite Stranicu. 1. Op\u0107e odredbe Voditelj i vlasnik Stranice je: LE-MAR CAR d.o.o. Adresa: Bla\u017ei\u0107i [&hellip;]<\/p>\n","protected":false},"author":1,"featured_media":0,"parent":0,"menu_order":0,"comment_status":"closed","ping_status":"closed","template":"elementor_canvas","meta":{"footnotes":""},"class_list":["post-157","page","type-page","status-publish","hentry"],"_links":{"self":[{"href":"https:\/\/quadrenalin-rijeka.com\/index.php\/wp-json\/wp\/v2\/pages\/157","targetHints":{"allow":["GET"]}}],"collection":[{"href":"https:\/\/quadrenalin-rijeka.com\/index.php\/wp-json\/wp\/v2\/pages"}],"about":[{"href":"https:\/\/quadrenalin-rijeka.com\/index.php\/wp-json\/wp\/v2\/types\/page"}],"author":[{"embeddable":true,"href":"https:\/\/quadrenalin-rijeka.com\/index.php\/wp-json\/wp\/v2\/users\/1"}],"replies":[{"embeddable":true,"href":"https:\/\/quadrenalin-rijeka.com\/index.php\/wp-json\/wp\/v2\/comments?post=157"}],"version-history":[{"count":1,"href":"https:\/\/quadrenalin-rijeka.com\/index.php\/wp-json\/wp\/v2\/pages\/157\/revisions"}],"predecessor-version":[{"id":158,"href":"https:\/\/quadrenalin-rijeka.com\/index.php\/wp-json\/wp\/v2\/pages\/157\/revisions\/158"}],"wp:attachment":[{"href":"https:\/\/quadrenalin-rijeka.com\/index.php\/wp-json\/wp\/v2\/media?parent=157"}],"curies":[{"name":"wp","href":"https:\/\/api.w.org\/{rel}","templated":true}]}}